{"id":12,"date":"2025-05-28T15:34:42","date_gmt":"2025-05-28T13:34:42","guid":{"rendered":"https:\/\/autisme.by-editions.com\/?page_id=12"},"modified":"2025-06-02T17:15:17","modified_gmt":"2025-06-02T15:15:17","slug":"a-propos-de-lauteur","status":"publish","type":"page","link":"https:\/\/autisme.by-editions.com\/index.php\/a-propos-de-lauteur\/","title":{"rendered":"A propos de l&rsquo;auteur"},"content":{"rendered":"\t\t<div data-elementor-type=\"wp-page\" data-elementor-id=\"12\" class=\"elementor elementor-12\">\n\t\t\t\t<div class=\"elementor-element elementor-element-05330f3 e-flex e-con-boxed e-con e-parent\" data-id=\"05330f3\" data-element_type=\"container\">\n\t\t\t\t\t<div class=\"e-con-inner\">\n\t\t\t\t<div class=\"elementor-element elementor-element-7108848 elementor-widget elementor-widget-heading\" data-id=\"7108848\" data-element_type=\"widget\" data-widget_type=\"heading.default\">\n\t\t\t\t<div class=\"elementor-widget-container\">\n\t\t\t\t\t<h2 class=\"elementor-heading-title elementor-size-default\">A propos de l'auteur<\/h2>\t\t\t\t<\/div>\n\t\t\t\t<\/div>\n\t\t\t\t\t<\/div>\n\t\t\t\t<\/div>\n\t\t<div class=\"elementor-element elementor-element-a998736 e-flex e-con-boxed e-con e-parent\" data-id=\"a998736\" data-element_type=\"container\">\n\t\t\t\t\t<div class=\"e-con-inner\">\n\t\t\t\t<div class=\"elementor-element elementor-element-220e03c elementor-widget elementor-widget-text-editor\" data-id=\"220e03c\" data-element_type=\"widget\" data-widget_type=\"text-editor.default\">\n\t\t\t\t<div class=\"elementor-widget-container\">\n\t\t\t\t\t\t\t\t\t<h1>Biographie<\/h1><p>M\u00e9decin sp\u00e9cialiste de l\u2019autisme, je me tiens \u00e0 la crois\u00e9e de deux chemins : celui du savoir clinique, et celui de l\u2019exp\u00e9rience intime.<\/p><p>J\u2019ai compl\u00e9t\u00e9 ma formation m\u00e9dicale par un Dipl\u00f4me Inter-Universitaire sur l\u2019autisme, pour comprendre les bases scientifiques, les approches th\u00e9rapeutiques, les enjeux de soci\u00e9t\u00e9.<\/p><p>Mais bien avant mes \u00e9tudes, bien avant mon dipl\u00f4me, j\u2019avais d\u00e9j\u00e0 commenc\u00e9 \u00e0 apprendre l\u2019autisme \u2013 dans ma maison, dans mes liens, dans mes silences.<\/p>\t\t\t\t\t\t\t\t<\/div>\n\t\t\t\t<\/div>\n\t\t\t\t<div class=\"elementor-element elementor-element-f97c312 elementor-widget elementor-widget-image\" data-id=\"f97c312\" data-element_type=\"widget\" data-widget_type=\"image.default\">\n\t\t\t\t<div class=\"elementor-widget-container\">\n\t\t\t\t\t\t\t\t\t\t\t\t\t\t\t<img decoding=\"async\" src=\"https:\/\/autisme.by-editions.com\/wp-content\/plugins\/elementor\/assets\/images\/placeholder.png\" title=\"\" alt=\"\" loading=\"lazy\" \/>\t\t\t\t\t\t\t\t\t\t\t\t\t\t\t<\/div>\n\t\t\t\t<\/div>\n\t\t\t\t\t<\/div>\n\t\t\t\t<\/div>\n\t\t<div class=\"elementor-element elementor-element-fe3b082 e-flex e-con-boxed e-con e-parent\" data-id=\"fe3b082\" data-element_type=\"container\">\n\t\t\t\t\t<div class=\"e-con-inner\">\n\t\t\t\t<div class=\"elementor-element elementor-element-21a51f5 elementor-widget elementor-widget-text-editor\" data-id=\"21a51f5\" data-element_type=\"widget\" data-widget_type=\"text-editor.default\">\n\t\t\t\t<div class=\"elementor-widget-container\">\n\t\t\t\t\t\t\t\t\t<p>L\u2019autisme fait partie de mon entourage proche. Il m\u2019accompagne depuis l\u2019enfance.<\/p><p>Cette proximit\u00e9 m\u2019a fa\u00e7onn\u00e9 bien plus profond\u00e9ment que n\u2019importe quel manuel. Elle m\u2019a appris \u00e0 observer autrement, \u00e0 \u00e9couter diff\u00e9remment, \u00e0 penser sans \u00e9tiquettes.<\/p><p>\u00a0<\/p><p>C\u2019est cette double l\u00e9gitimit\u00e9, humaine et m\u00e9dicale, qui a nourri l\u2019\u00e9criture de Silence autour du cri.<\/p><p>\u00a0<\/p><p>Je d\u00e9fends une vision :<\/p><p>que l\u2019enfant autiste ne doit pas \u00eatre plac\u00e9 dans une relation hi\u00e9rarchique, face \u00e0 un \u00e9ducateur, un soignant, ou une norme.<\/p><p>\u00a0<\/p><p>Il a besoin, d\u00e8s les premiers signes, d\u2019un entourage proche qui imite, qui propose, qui entre en lien \u2013 par des gestes, des rythmes, des regards.<\/p><p>\u00a0<\/p><p>Je crois profond\u00e9ment \u00e0 la force de l\u2019imitation naturelle, dans la famille, entre enfants, entre fr\u00e8res, s\u0153urs, proches\u2026<\/p><p>Une imitation r\u00e9ciproque, souple, spontan\u00e9e. Pas une m\u00e9thode impos\u00e9e.<\/p><p>\u00a0<\/p><p>Et je d\u00e9fends une approche :<\/p><p>l\u2019accompagnement au minimum en bin\u00f4me,<\/p><p>o\u00f9 une personne autiste et une personne non autiste cheminent ensemble.<\/p><p>Non pas pour corriger, mais pour se comprendre mutuellement.<\/p><p>\u00a0<\/p><p>C\u2019est \u00e0 cette \u00e9galit\u00e9-l\u00e0 que je crois.<\/p><p>Une \u00e9galit\u00e9 qui ouvre la voie \u00e0 un autre vivre-ensemble.<\/p>\t\t\t\t\t\t\t\t<\/div>\n\t\t\t\t<\/div>\n\t\t\t\t<div class=\"elementor-element elementor-element-bf82139 elementor-widget elementor-widget-text-editor\" data-id=\"bf82139\" data-element_type=\"widget\" data-widget_type=\"text-editor.default\">\n\t\t\t\t<div class=\"elementor-widget-container\">\n\t\t\t\t\t\t\t\t\t<h1><strong>Pourquoi j\u2019ai \u00e9crit ce livre<\/strong><\/h1><p>J\u2019ai longtemps h\u00e9sit\u00e9 \u00e0 \u00e9crire.<\/p><p>Pas parce que je doutais de ce que je voyais, mais parce que je savais que mes mots ne feraient pas l\u2019unanimit\u00e9, y compris chez certains confr\u00e8res.<\/p><p>Je ne voulais pas heurter, ni diviser. Je ne cherchais pas \u00e0 imposer une vision, encore moins \u00e0 m\u2019opposer.<\/p><p>Mais \u00e0 force de silence, quelque chose en moi s\u2019est mis \u00e0 peser.<\/p><p>J\u2019ai vu trop d\u2019incompr\u00e9hensions. Trop de malentendus. Trop de douleurs invisibles v\u00e9cues dans l\u2019ombre, faute d\u2019\u00e9coute.<\/p><p>Et j\u2019ai compris que l\u2019appel \u00e0 l\u2019\u00e9veil \u00e9tait plus fort que la peur du d\u00e9saccord.<\/p><p>Ce livre n\u2019est pas un manifeste. C\u2019est un pas vers l\u2019autre.<\/p><p>Il parle \u00e0 celles et ceux qui vivent avec l\u2019autisme, \u00e0 ceux qui les accompagnent, \u00e0 ceux qui observent de loin sans toujours comprendre.<\/p><p>Il ne pr\u00e9tend pas tout r\u00e9soudre. Il propose d\u2019ouvrir, d\u2019\u00e9largir, de relier.<\/p><p>J\u2019ai \u00e9crit ce livre comme on tend la main.<\/p><p>Pas pour convaincre. Pour \u00e9veiller.<\/p>\t\t\t\t\t\t\t\t<\/div>\n\t\t\t\t<\/div>\n\t\t\t\t\t<\/div>\n\t\t\t\t<\/div>\n\t\t<div class=\"elementor-element elementor-element-1808a47 e-flex e-con-boxed e-con e-parent\" data-id=\"1808a47\" data-element_type=\"container\">\n\t\t\t\t\t<div class=\"e-con-inner\">\n\t\t\t\t<div class=\"elementor-element elementor-element-d62dc60 elementor-widget elementor-widget-text-editor\" data-id=\"d62dc60\" data-element_type=\"widget\" data-widget_type=\"text-editor.default\">\n\t\t\t\t<div class=\"elementor-widget-container\">\n\t\t\t\t\t\t\t\t\t<h1><strong>Citation propos\u00e9e :<\/strong><\/h1><p>\u00ab C\u2019est un appel \u00e0 l\u2019humanit\u00e9. Un appel \u00e0 construire ensemble.<\/p><p>Que chacun apporte sa brique, aussi modeste soit-elle.<\/p><p>Car c\u2019est ainsi, pas \u00e0 pas, que l\u2019on surmonte l\u2019insurmontable.<\/p><p>\u00a0<\/p><p>Nous avons besoin de vous. Votre engagement compte. M\u00eame le plus discret. \u00bb<\/p>\t\t\t\t\t\t\t\t<\/div>\n\t\t\t\t<\/div>\n\t\t\t\t<div class=\"elementor-element elementor-element-b6cf30a elementor-widget elementor-widget-spacer\" data-id=\"b6cf30a\" data-element_type=\"widget\" data-widget_type=\"spacer.default\">\n\t\t\t\t<div class=\"elementor-widget-container\">\n\t\t\t\t\t\t\t<div class=\"elementor-spacer\">\n\t\t\t<div class=\"elementor-spacer-inner\"><\/div>\n\t\t<\/div>\n\t\t\t\t\t\t<\/div>\n\t\t\t\t<\/div>\n\t\t\t\t\t<\/div>\n\t\t\t\t<\/div>\n\t\t<div class=\"elementor-element elementor-element-e461954 e-flex e-con-boxed e-con e-parent\" data-id=\"e461954\" data-element_type=\"container\" data-settings=\"{&quot;background_background&quot;:&quot;classic&quot;}\">\n\t\t\t\t\t<div class=\"e-con-inner\">\n\t\t\t\t<div class=\"elementor-element elementor-element-0af60a6 elementor-widget elementor-widget-text-editor\" data-id=\"0af60a6\" data-element_type=\"widget\" data-widget_type=\"text-editor.default\">\n\t\t\t\t<div class=\"elementor-widget-container\">\n\t\t\t\t\t\t\t\t\t<h2>Vous avez aim\u00e9 le livre ? Recommandez-le \u00e0 un proche, ou partagez-le sur vos r\u00e9seaux !<\/h2>\t\t\t\t\t\t\t\t<\/div>\n\t\t\t\t<\/div>\n\t\t<div class=\"elementor-element elementor-element-9197def e-grid e-con-full e-con e-child\" data-id=\"9197def\" data-element_type=\"container\">\n\t\t\t\t<div class=\"elementor-element elementor-element-2708057 elementor-align-center elementor-widget elementor-widget-button\" data-id=\"2708057\" data-element_type=\"widget\" data-widget_type=\"button.default\">\n\t\t\t\t<div class=\"elementor-widget-container\">\n\t\t\t\t\t\t\t\t\t<div class=\"elementor-button-wrapper\">\n\t\t\t\t\t<a class=\"elementor-button elementor-button-link elementor-size-sm\" href=\"#\">\n\t\t\t\t\t\t<span class=\"elementor-button-content-wrapper\">\n\t\t\t\t\t\t\t\t\t<span class=\"elementor-button-text\">Lire un extrait gratuit<\/span>\n\t\t\t\t\t<\/span>\n\t\t\t\t\t<\/a>\n\t\t\t\t<\/div>\n\t\t\t\t\t\t\t\t<\/div>\n\t\t\t\t<\/div>\n\t\t\t\t<div class=\"elementor-element elementor-element-e9751ab elementor-align-center elementor-widget elementor-widget-button\" data-id=\"e9751ab\" data-element_type=\"widget\" data-widget_type=\"button.default\">\n\t\t\t\t<div class=\"elementor-widget-container\">\n\t\t\t\t\t\t\t\t\t<div class=\"elementor-button-wrapper\">\n\t\t\t\t\t<a class=\"elementor-button elementor-button-link elementor-size-sm\" href=\"#\">\n\t\t\t\t\t\t<span class=\"elementor-button-content-wrapper\">\n\t\t\t\t\t\t\t\t\t<span class=\"elementor-button-text\">Acheter le livre maintenant<\/span>\n\t\t\t\t\t<\/span>\n\t\t\t\t\t<\/a>\n\t\t\t\t<\/div>\n\t\t\t\t\t\t\t\t<\/div>\n\t\t\t\t<\/div>\n\t\t\t\t<div class=\"elementor-element elementor-element-7a8d6d6 elementor-align-center elementor-widget elementor-widget-button\" data-id=\"7a8d6d6\" data-element_type=\"widget\" data-widget_type=\"button.default\">\n\t\t\t\t<div class=\"elementor-widget-container\">\n\t\t\t\t\t\t\t\t\t<div class=\"elementor-button-wrapper\">\n\t\t\t\t\t<a class=\"elementor-button elementor-button-link elementor-size-sm\" href=\"#\">\n\t\t\t\t\t\t<span class=\"elementor-button-content-wrapper\">\n\t\t\t\t\t\t\t\t\t<span class=\"elementor-button-text\">En savoir plus<\/span>\n\t\t\t\t\t<\/span>\n\t\t\t\t\t<\/a>\n\t\t\t\t<\/div>\n\t\t\t\t\t\t\t\t<\/div>\n\t\t\t\t<\/div>\n\t\t\t\t<\/div>\n\t\t\t\t\t<\/div>\n\t\t\t\t<\/div>\n\t\t<div class=\"elementor-element elementor-element-4a1e3a30 e-flex e-con-boxed e-con e-parent\" data-id=\"4a1e3a30\" data-element_type=\"container\" data-settings=\"{&quot;background_background&quot;:&quot;classic&quot;}\">\n\t\t\t\t\t<div class=\"e-con-inner\">\n\t\t\t\t<div class=\"elementor-element elementor-element-473bca95 elementor-widget elementor-widget-heading\" data-id=\"473bca95\" data-element_type=\"widget\" data-widget_type=\"heading.default\">\n\t\t\t\t<div class=\"elementor-widget-container\">\n\t\t\t\t\t<h2 class=\"elementor-heading-title elementor-size-default\"><a href=\"https:\/\/autisme.by-editions.com\">Accueil<\/a><\/h2>\t\t\t\t<\/div>\n\t\t\t\t<\/div>\n\t\t\t\t<div class=\"elementor-element elementor-element-1d3737e7 elementor-widget elementor-widget-spacer\" data-id=\"1d3737e7\" data-element_type=\"widget\" data-widget_type=\"spacer.default\">\n\t\t\t\t<div class=\"elementor-widget-container\">\n\t\t\t\t\t\t\t<div class=\"elementor-spacer\">\n\t\t\t<div class=\"elementor-spacer-inner\"><\/div>\n\t\t<\/div>\n\t\t\t\t\t\t<\/div>\n\t\t\t\t<\/div>\n\t\t\t\t<div class=\"elementor-element elementor-element-29c55735 elementor-widget elementor-widget-heading\" data-id=\"29c55735\" data-element_type=\"widget\" data-widget_type=\"heading.default\">\n\t\t\t\t<div class=\"elementor-widget-container\">\n\t\t\t\t\t<h2 class=\"elementor-heading-title elementor-size-default\">Le livre<\/h2>\t\t\t\t<\/div>\n\t\t\t\t<\/div>\n\t\t\t\t<div class=\"elementor-element elementor-element-233c7ed elementor-widget elementor-widget-spacer\" data-id=\"233c7ed\" data-element_type=\"widget\" data-widget_type=\"spacer.default\">\n\t\t\t\t<div class=\"elementor-widget-container\">\n\t\t\t\t\t\t\t<div class=\"elementor-spacer\">\n\t\t\t<div class=\"elementor-spacer-inner\"><\/div>\n\t\t<\/div>\n\t\t\t\t\t\t<\/div>\n\t\t\t\t<\/div>\n\t\t\t\t<div class=\"elementor-element elementor-element-252eb65d elementor-widget elementor-widget-heading\" data-id=\"252eb65d\" data-element_type=\"widget\" data-widget_type=\"heading.default\">\n\t\t\t\t<div class=\"elementor-widget-container\">\n\t\t\t\t\t<h2 class=\"elementor-heading-title elementor-size-default\">\u00c0 propos<\/h2>\t\t\t\t<\/div>\n\t\t\t\t<\/div>\n\t\t\t\t<div class=\"elementor-element elementor-element-364a5595 elementor-widget elementor-widget-spacer\" data-id=\"364a5595\" data-element_type=\"widget\" data-widget_type=\"spacer.default\">\n\t\t\t\t<div class=\"elementor-widget-container\">\n\t\t\t\t\t\t\t<div class=\"elementor-spacer\">\n\t\t\t<div class=\"elementor-spacer-inner\"><\/div>\n\t\t<\/div>\n\t\t\t\t\t\t<\/div>\n\t\t\t\t<\/div>\n\t\t\t\t<div class=\"elementor-element elementor-element-631137f6 elementor-widget elementor-widget-heading\" data-id=\"631137f6\" data-element_type=\"widget\" data-widget_type=\"heading.default\">\n\t\t\t\t<div class=\"elementor-widget-container\">\n\t\t\t\t\t<h2 class=\"elementor-heading-title elementor-size-default\">Contact<\/h2>\t\t\t\t<\/div>\n\t\t\t\t<\/div>\n\t\t\t\t\t<\/div>\n\t\t\t\t<\/div>\n\t\t<div class=\"elementor-element elementor-element-2c39ba6b e-flex e-con-boxed e-con e-parent\" data-id=\"2c39ba6b\" data-element_type=\"container\" data-settings=\"{&quot;background_background&quot;:&quot;classic&quot;}\">\n\t\t\t\t\t<div class=\"e-con-inner\">\n\t\t\t\t<div class=\"elementor-element elementor-element-6be1f466 elementor-widget elementor-widget-image\" data-id=\"6be1f466\" data-element_type=\"widget\" data-widget_type=\"image.default\">\n\t\t\t\t<div class=\"elementor-widget-container\">\n\t\t\t\t\t\t\t\t\t\t\t\t\t\t\t\t<a href=\"https:\/\/www.facebook.com\/by.editions\" target=\"_blank\">\n\t\t\t\t\t\t\t<img decoding=\"async\" src=\"https:\/\/autisme.by-editions.com\/wp-content\/uploads\/2025\/06\/Facebook-icon-white-PNG-large-size.png\" title=\"Facebook-icon-white-PNG-large-size\" alt=\"Facebook-icon-white-PNG-large-size\" loading=\"lazy\" \/>\t\t\t\t\t\t\t\t<\/a>\n\t\t\t\t\t\t\t\t\t\t\t\t\t\t\t<\/div>\n\t\t\t\t<\/div>\n\t\t\t\t<div class=\"elementor-element elementor-element-27434d71 elementor-widget elementor-widget-image\" data-id=\"27434d71\" data-element_type=\"widget\" data-widget_type=\"image.default\">\n\t\t\t\t<div class=\"elementor-widget-container\">\n\t\t\t\t\t\t\t\t\t\t\t\t\t\t\t\t<a href=\"https:\/\/x.com\/by_editions\" target=\"_blank\">\n\t\t\t\t\t\t\t<img decoding=\"async\" src=\"https:\/\/autisme.by-editions.com\/wp-content\/uploads\/2025\/06\/x-social-media-white-icon.png\" title=\"x-social-media-white-icon\" alt=\"x-social-media-white-icon\" loading=\"lazy\" \/>\t\t\t\t\t\t\t\t<\/a>\n\t\t\t\t\t\t\t\t\t\t\t\t\t\t\t<\/div>\n\t\t\t\t<\/div>\n\t\t\t\t<div class=\"elementor-element elementor-element-52349afa elementor-widget elementor-widget-image\" data-id=\"52349afa\" data-element_type=\"widget\" data-widget_type=\"image.default\">\n\t\t\t\t<div class=\"elementor-widget-container\">\n\t\t\t\t\t\t\t\t\t\t\t\t\t\t\t\t<a href=\"https:\/\/www.instagram.com\/by_editions\/\" target=\"_blank\">\n\t\t\t\t\t\t\t<img decoding=\"async\" src=\"https:\/\/autisme.by-editions.com\/wp-content\/uploads\/2025\/06\/instagram-white-icon.png\" title=\"instagram-white-icon\" alt=\"instagram-white-icon\" loading=\"lazy\" \/>\t\t\t\t\t\t\t\t<\/a>\n\t\t\t\t\t\t\t\t\t\t\t\t\t\t\t<\/div>\n\t\t\t\t<\/div>\n\t\t\t\t<div class=\"elementor-element elementor-element-16950abe elementor-widget elementor-widget-image\" data-id=\"16950abe\" data-element_type=\"widget\" data-widget_type=\"image.default\">\n\t\t\t\t<div class=\"elementor-widget-container\">\n\t\t\t\t\t\t\t\t\t\t\t\t\t\t\t\t<a href=\"https:\/\/www.youtube.com\/@by_editions\" target=\"_blank\">\n\t\t\t\t\t\t\t<img decoding=\"async\" src=\"https:\/\/autisme.by-editions.com\/wp-content\/uploads\/2025\/06\/White-YouTube-Logo-Transparent.png\" title=\"White-YouTube-Logo-Transparent\" alt=\"White-YouTube-Logo-Transparent\" loading=\"lazy\" \/>\t\t\t\t\t\t\t\t<\/a>\n\t\t\t\t\t\t\t\t\t\t\t\t\t\t\t<\/div>\n\t\t\t\t<\/div>\n\t\t\t\t\t<\/div>\n\t\t\t\t<\/div>\n\t\t\t\t<\/div>\n\t\t","protected":false},"excerpt":{"rendered":"<p>A propos de l&rsquo;auteur Biographie M\u00e9decin sp\u00e9cialiste de l\u2019autisme, je me tiens \u00e0 la crois\u00e9e de deux chemins : celui du savoir clinique, et celui de l\u2019exp\u00e9rience intime. J\u2019ai compl\u00e9t\u00e9 ma formation m\u00e9dicale par un Dipl\u00f4me Inter-Universitaire sur l\u2019autisme, pour comprendre les bases scientifiques, les approches th\u00e9rapeutiques, les enjeux de soci\u00e9t\u00e9. Mais bien avant mes [&hellip;]<\/p>\n","protected":false},"author":1,"featured_media":0,"parent":0,"menu_order":0,"comment_status":"closed","ping_status":"closed","template":"","meta":{"ocean_post_layout":"full-screen","ocean_both_sidebars_style":"","ocean_both_sidebars_content_width":0,"ocean_both_sidebars_sidebars_width":0,"ocean_sidebar":"","ocean_second_sidebar":"","ocean_disable_margins":"enable","ocean_add_body_class":"","ocean_shortcode_before_top_bar":"","ocean_shortcode_after_top_bar":"","ocean_shortcode_before_header":"","ocean_shortcode_after_header":"","ocean_has_shortcode":"","ocean_shortcode_after_title":"","ocean_shortcode_before_footer_widgets":"","ocean_shortcode_after_footer_widgets":"","ocean_shortcode_before_footer_bottom":"","ocean_shortcode_after_footer_bottom":"","ocean_display_top_bar":"off","ocean_display_header":"default","ocean_header_style":"","ocean_center_header_left_menu":"","ocean_custom_header_template":"","ocean_custom_logo":0,"ocean_custom_retina_logo":0,"ocean_custom_logo_max_width":0,"ocean_custom_logo_tablet_max_width":0,"ocean_custom_logo_mobile_max_width":0,"ocean_custom_logo_max_height":0,"ocean_custom_logo_tablet_max_height":0,"ocean_custom_logo_mobile_max_height":0,"ocean_header_custom_menu":"","ocean_menu_typo_font_family":"","ocean_menu_typo_font_subset":"","ocean_menu_typo_font_size":0,"ocean_menu_typo_font_size_tablet":0,"ocean_menu_typo_font_size_mobile":0,"ocean_menu_typo_font_size_unit":"px","ocean_menu_typo_font_weight":"","ocean_menu_typo_font_weight_tablet":"","ocean_menu_typo_font_weight_mobile":"","ocean_menu_typo_transform":"","ocean_menu_typo_transform_tablet":"","ocean_menu_typo_transform_mobile":"","ocean_menu_typo_line_height":0,"ocean_menu_typo_line_height_tablet":0,"ocean_menu_typo_line_height_mobile":0,"ocean_menu_typo_line_height_unit":"","ocean_menu_typo_spacing":0,"ocean_menu_typo_spacing_tablet":0,"ocean_menu_typo_spacing_mobile":0,"ocean_menu_typo_spacing_unit":"","ocean_menu_link_color":"","ocean_menu_link_color_hover":"","ocean_menu_link_color_active":"","ocean_menu_link_background":"","ocean_menu_link_hover_background":"","ocean_menu_link_active_background":"","ocean_menu_social_links_bg":"","ocean_menu_social_hover_links_bg":"","ocean_menu_social_links_color":"","ocean_menu_social_hover_links_color":"","ocean_disable_title":"on","ocean_disable_heading":"default","ocean_post_title":"","ocean_post_subheading":"","ocean_post_title_style":"","ocean_post_title_background_color":"","ocean_post_title_background":0,"ocean_post_title_bg_image_position":"","ocean_post_title_bg_image_attachment":"","ocean_post_title_bg_image_repeat":"","ocean_post_title_bg_image_size":"","ocean_post_title_height":0,"ocean_post_title_bg_overlay":0.5,"ocean_post_title_bg_overlay_color":"","ocean_disable_breadcrumbs":"default","ocean_breadcrumbs_color":"","ocean_breadcrumbs_separator_color":"","ocean_breadcrumbs_links_color":"","ocean_breadcrumbs_links_hover_color":"","ocean_display_footer_widgets":"default","ocean_display_footer_bottom":"default","ocean_custom_footer_template":"","footnotes":""},"class_list":["post-12","page","type-page","status-publish","hentry","entry"],"_links":{"self":[{"href":"https:\/\/autisme.by-editions.com\/index.php\/wp-json\/wp\/v2\/pages\/12","targetHints":{"allow":["GET"]}}],"collection":[{"href":"https:\/\/autisme.by-editions.com\/index.php\/wp-json\/wp\/v2\/pages"}],"about":[{"href":"https:\/\/autisme.by-editions.com\/index.php\/wp-json\/wp\/v2\/types\/page"}],"author":[{"embeddable":true,"href":"https:\/\/autisme.by-editions.com\/index.php\/wp-json\/wp\/v2\/users\/1"}],"replies":[{"embeddable":true,"href":"https:\/\/autisme.by-editions.com\/index.php\/wp-json\/wp\/v2\/comments?post=12"}],"version-history":[{"count":53,"href":"https:\/\/autisme.by-editions.com\/index.php\/wp-json\/wp\/v2\/pages\/12\/revisions"}],"predecessor-version":[{"id":301,"href":"https:\/\/autisme.by-editions.com\/index.php\/wp-json\/wp\/v2\/pages\/12\/revisions\/301"}],"wp:attachment":[{"href":"https:\/\/autisme.by-editions.com\/index.php\/wp-json\/wp\/v2\/media?parent=12"}],"curies":[{"name":"wp","href":"https:\/\/api.w.org\/{rel}","templated":true}]}}