{"id":386,"date":"2025-06-04T17:49:12","date_gmt":"2025-06-04T15:49:12","guid":{"rendered":"http:\/\/autisme.by-editions.com\/?page_id=386"},"modified":"2025-06-27T12:36:33","modified_gmt":"2025-06-27T10:36:33","slug":"acheter-le-livre","status":"publish","type":"page","link":"https:\/\/autisme.by-editions.com\/index.php\/acheter-le-livre\/","title":{"rendered":"Acheter le livre"},"content":{"rendered":"\t\t<div data-elementor-type=\"wp-page\" data-elementor-id=\"386\" class=\"elementor elementor-386\">\n\t\t\t\t<div class=\"elementor-element elementor-element-02a7be4 e-flex e-con-boxed e-con e-parent\" data-id=\"02a7be4\" data-element_type=\"container\" data-settings=\"{&quot;background_background&quot;:&quot;classic&quot;}\">\n\t\t\t\t\t<div class=\"e-con-inner\">\n\t\t\t\t<div class=\"elementor-element elementor-element-cdf7b49 elementor-widget elementor-widget-heading\" data-id=\"cdf7b49\" data-element_type=\"widget\" data-widget_type=\"heading.default\">\n\t\t\t\t<div class=\"elementor-widget-container\">\n\t\t\t\t\t<h2 class=\"elementor-heading-title elementor-size-default\">Acheter le livre<br>\"Silence autour d'un cri\"<\/h2>\t\t\t\t<\/div>\n\t\t\t\t<\/div>\n\t\t\t\t<div class=\"elementor-element elementor-element-9f76595 elementor-widget elementor-widget-text-editor\" data-id=\"9f76595\" data-element_type=\"widget\" data-widget_type=\"text-editor.default\">\n\t\t\t\t<div class=\"elementor-widget-container\">\n\t\t\t\t\t\t\t\t\t<p class=\"p1\">Le message humain, dans le format qui vous correspond.<\/p>\t\t\t\t\t\t\t\t<\/div>\n\t\t\t\t<\/div>\n\t\t\t\t\t<\/div>\n\t\t\t\t<\/div>\n\t\t<div class=\"elementor-element elementor-element-d35ed70 e-flex e-con-boxed e-con e-parent\" data-id=\"d35ed70\" data-element_type=\"container\">\n\t\t\t\t\t<div class=\"e-con-inner\">\n\t\t<div class=\"elementor-element elementor-element-0370ed8 e-grid e-con-full e-con e-child\" data-id=\"0370ed8\" data-element_type=\"container\">\n\t\t<div class=\"elementor-element elementor-element-ec7c5dd e-con-full e-flex e-con e-child\" data-id=\"ec7c5dd\" data-element_type=\"container\">\n\t\t\t\t<div class=\"elementor-element elementor-element-885d5ca elementor-widget elementor-widget-heading\" data-id=\"885d5ca\" data-element_type=\"widget\" data-widget_type=\"heading.default\">\n\t\t\t\t<div class=\"elementor-widget-container\">\n\t\t\t\t\t<h2 class=\"elementor-heading-title elementor-size-default\">Livre papier<\/h2>\t\t\t\t<\/div>\n\t\t\t\t<\/div>\n\t\t\t\t<div class=\"elementor-element elementor-element-3cda3c0 elementor-widget elementor-widget-image\" data-id=\"3cda3c0\" data-element_type=\"widget\" data-widget_type=\"image.default\">\n\t\t\t\t<div class=\"elementor-widget-container\">\n\t\t\t\t\t\t\t\t\t\t\t\t\t\t\t<img decoding=\"async\" src=\"https:\/\/autisme.by-editions.com\/wp-content\/uploads\/2025\/05\/1748185239.png\" title=\"1748185239\" alt=\"1748185239\" loading=\"lazy\" \/>\t\t\t\t\t\t\t\t\t\t\t\t\t\t\t<\/div>\n\t\t\t\t<\/div>\n\t\t\t\t<div class=\"elementor-element elementor-element-54fac20 elementor-widget elementor-widget-heading\" data-id=\"54fac20\" data-element_type=\"widget\" data-widget_type=\"heading.default\">\n\t\t\t\t<div class=\"elementor-widget-container\">\n\t\t\t\t\t<h2 class=\"elementor-heading-title elementor-size-default\">20,90 \u20ac<\/h2>\t\t\t\t<\/div>\n\t\t\t\t<\/div>\n\t\t\t\t<div class=\"elementor-element elementor-element-3006398 elementor-widget elementor-widget-text-editor\" data-id=\"3006398\" data-element_type=\"widget\" data-widget_type=\"text-editor.default\">\n\t\t\t\t<div class=\"elementor-widget-container\">\n\t\t\t\t\t\t\t\t\t<p data-start=\"786\" data-end=\"811\">\u2713 Amazon \u2192 livraison rapide<\/p><p data-start=\"816\" data-end=\"857\">\u2713 Fnac, Decitre<\/p><p data-start=\"862\" data-end=\"894\">\u2713 Commandable en boutique physique<\/p>\t\t\t\t\t\t\t\t<\/div>\n\t\t\t\t<\/div>\n\t\t\t\t<div class=\"elementor-element elementor-element-73162ab elementor-button-info elementor-widget elementor-widget-button\" data-id=\"73162ab\" data-element_type=\"widget\" data-widget_type=\"button.default\">\n\t\t\t\t<div class=\"elementor-widget-container\">\n\t\t\t\t\t\t\t\t\t<div class=\"elementor-button-wrapper\">\n\t\t\t\t\t<a class=\"elementor-button elementor-button-link elementor-size-sm\" href=\"https:\/\/www.amazon.fr\/dp\/B0FFN1Q4D7\" target=\"_blank\">\n\t\t\t\t\t\t<span class=\"elementor-button-content-wrapper\">\n\t\t\t\t\t\t\t\t\t<span class=\"elementor-button-text\">Acheter - via Amazon<\/span>\n\t\t\t\t\t<\/span>\n\t\t\t\t\t<\/a>\n\t\t\t\t<\/div>\n\t\t\t\t\t\t\t\t<\/div>\n\t\t\t\t<\/div>\n\t\t\t\t<\/div>\n\t\t<div class=\"elementor-element elementor-element-5ff93b7 e-con-full e-flex e-con e-child\" data-id=\"5ff93b7\" data-element_type=\"container\">\n\t\t\t\t<div class=\"elementor-element elementor-element-3a084f2 elementor-widget elementor-widget-heading\" data-id=\"3a084f2\" data-element_type=\"widget\" data-widget_type=\"heading.default\">\n\t\t\t\t<div class=\"elementor-widget-container\">\n\t\t\t\t\t<h2 class=\"elementor-heading-title elementor-size-default\">E-book<\/h2>\t\t\t\t<\/div>\n\t\t\t\t<\/div>\n\t\t\t\t<div class=\"elementor-element elementor-element-53ff31e elementor-widget elementor-widget-image\" data-id=\"53ff31e\" data-element_type=\"widget\" data-widget_type=\"image.default\">\n\t\t\t\t<div class=\"elementor-widget-container\">\n\t\t\t\t\t\t\t\t\t\t\t\t\t\t\t<img decoding=\"async\" src=\"https:\/\/autisme.by-editions.com\/wp-content\/uploads\/2025\/06\/Autism-Cover1FRTablet-scaled.png\" title=\"Autism-Cover1FRTablet\" alt=\"Autism-Cover1FRTablet\" loading=\"lazy\" \/>\t\t\t\t\t\t\t\t\t\t\t\t\t\t\t<\/div>\n\t\t\t\t<\/div>\n\t\t\t\t<div class=\"elementor-element elementor-element-6907734 elementor-widget elementor-widget-heading\" data-id=\"6907734\" data-element_type=\"widget\" data-widget_type=\"heading.default\">\n\t\t\t\t<div class=\"elementor-widget-container\">\n\t\t\t\t\t<h2 class=\"elementor-heading-title elementor-size-default\">9,90 \u20ac<\/h2>\t\t\t\t<\/div>\n\t\t\t\t<\/div>\n\t\t\t\t<div class=\"elementor-element elementor-element-9c98722 elementor-widget elementor-widget-text-editor\" data-id=\"9c98722\" data-element_type=\"widget\" data-widget_type=\"text-editor.default\">\n\t\t\t\t<div class=\"elementor-widget-container\">\n\t\t\t\t\t\t\t\t\t<p>\u2713 Amazon Kindle<\/p><p>\u2713 Apple Books<\/p><p>\u2713 Kobo (par Fnac)<\/p><p>\u2713 Google Play Livres<\/p>\t\t\t\t\t\t\t\t<\/div>\n\t\t\t\t<\/div>\n\t\t\t\t<div class=\"elementor-element elementor-element-379c4f3 elementor-button-info elementor-widget elementor-widget-button\" data-id=\"379c4f3\" data-element_type=\"widget\" data-widget_type=\"button.default\">\n\t\t\t\t<div class=\"elementor-widget-container\">\n\t\t\t\t\t\t\t\t\t<div class=\"elementor-button-wrapper\">\n\t\t\t\t\t<a class=\"elementor-button elementor-button-link elementor-size-sm\" href=\"#\">\n\t\t\t\t\t\t<span class=\"elementor-button-content-wrapper\">\n\t\t\t\t\t\t\t\t\t<span class=\"elementor-button-text\">Bient\u00f4t disponible<\/span>\n\t\t\t\t\t<\/span>\n\t\t\t\t\t<\/a>\n\t\t\t\t<\/div>\n\t\t\t\t\t\t\t\t<\/div>\n\t\t\t\t<\/div>\n\t\t\t\t<\/div>\n\t\t<div class=\"elementor-element elementor-element-426d016 e-con-full e-flex e-con e-child\" data-id=\"426d016\" data-element_type=\"container\">\n\t\t\t\t<div class=\"elementor-element elementor-element-8fc9af2 elementor-widget elementor-widget-heading\" data-id=\"8fc9af2\" data-element_type=\"widget\" data-widget_type=\"heading.default\">\n\t\t\t\t<div class=\"elementor-widget-container\">\n\t\t\t\t\t<h2 class=\"elementor-heading-title elementor-size-default\">PDF t\u00e9l\u00e9chargeable<\/h2>\t\t\t\t<\/div>\n\t\t\t\t<\/div>\n\t\t\t\t<div class=\"elementor-element elementor-element-bd1e855 elementor-widget elementor-widget-image\" data-id=\"bd1e855\" data-element_type=\"widget\" data-widget_type=\"image.default\">\n\t\t\t\t<div class=\"elementor-widget-container\">\n\t\t\t\t\t\t\t\t\t\t\t\t\t\t\t<img decoding=\"async\" src=\"https:\/\/autisme.by-editions.com\/wp-content\/uploads\/2025\/06\/Autism-Cover1FRLaptop.png\" title=\"Autism-Cover1FRLaptop\" alt=\"Autism-Cover1FRLaptop\" loading=\"lazy\" \/>\t\t\t\t\t\t\t\t\t\t\t\t\t\t\t<\/div>\n\t\t\t\t<\/div>\n\t\t\t\t<div class=\"elementor-element elementor-element-caf2b43 elementor-widget elementor-widget-heading\" data-id=\"caf2b43\" data-element_type=\"widget\" data-widget_type=\"heading.default\">\n\t\t\t\t<div class=\"elementor-widget-container\">\n\t\t\t\t\t<h2 class=\"elementor-heading-title elementor-size-default\">9,90 \u20ac<\/h2>\t\t\t\t<\/div>\n\t\t\t\t<\/div>\n\t\t\t\t<div class=\"elementor-element elementor-element-8563d55 elementor-widget elementor-widget-text-editor\" data-id=\"8563d55\" data-element_type=\"widget\" data-widget_type=\"text-editor.default\">\n\t\t\t\t<div class=\"elementor-widget-container\">\n\t\t\t\t\t\t\t\t\t<p data-start=\"1351\" data-end=\"1376\">\u2713 T\u00e9l\u00e9chargement imm\u00e9diat<\/p><p data-start=\"1381\" data-end=\"1416\">\u2713 Lecture sur PC, impression facile<\/p><p data-start=\"1421\" data-end=\"1452\">\u2713 Valable avec code ambassadeur<\/p>\t\t\t\t\t\t\t\t<\/div>\n\t\t\t\t<\/div>\n\t\t\t\t<div class=\"elementor-element elementor-element-66671f1 elementor-widget elementor-widget-button\" data-id=\"66671f1\" data-element_type=\"widget\" data-widget_type=\"button.default\">\n\t\t\t\t<div class=\"elementor-widget-container\">\n\t\t\t\t\t\t\t\t\t<div class=\"elementor-button-wrapper\">\n\t\t\t\t\t<a class=\"elementor-button elementor-button-link elementor-size-sm\" href=\"https:\/\/boutique.by-editions.com\/b\/hMTrO\" target=\"_blank\">\n\t\t\t\t\t\t<span class=\"elementor-button-content-wrapper\">\n\t\t\t\t\t\t\t\t\t<span class=\"elementor-button-text\">T\u00e9l\u00e9charger le PDF<\/span>\n\t\t\t\t\t<\/span>\n\t\t\t\t\t<\/a>\n\t\t\t\t<\/div>\n\t\t\t\t\t\t\t\t<\/div>\n\t\t\t\t<\/div>\n\t\t\t\t<\/div>\n\t\t\t\t<\/div>\n\t\t\t\t\t<\/div>\n\t\t\t\t<\/div>\n\t\t<div class=\"elementor-element elementor-element-8a35f20 e-flex e-con-boxed e-con e-parent\" data-id=\"8a35f20\" data-element_type=\"container\">\n\t\t\t\t\t<div class=\"e-con-inner\">\n\t\t<div class=\"elementor-element elementor-element-3cbde74 e-con-full e-flex e-con e-child\" data-id=\"3cbde74\" data-element_type=\"container\">\n\t\t\t\t<div class=\"elementor-element elementor-element-fcccbd9 elementor-widget elementor-widget-image\" data-id=\"fcccbd9\" data-element_type=\"widget\" data-widget_type=\"image.default\">\n\t\t\t\t<div class=\"elementor-widget-container\">\n\t\t\t\t\t\t\t\t\t\t\t\t\t\t\t<img decoding=\"async\" width=\"150\" height=\"150\" src=\"https:\/\/autisme.by-editions.com\/wp-content\/uploads\/2025\/06\/image-150x150.png\" class=\"attachment-thumbnail size-thumbnail wp-image-454\" alt=\"\" srcset=\"https:\/\/autisme.by-editions.com\/wp-content\/uploads\/2025\/06\/image-150x150.png 150w, https:\/\/autisme.by-editions.com\/wp-content\/uploads\/2025\/06\/image-300x300.png 300w, https:\/\/autisme.by-editions.com\/wp-content\/uploads\/2025\/06\/image.png 512w\" sizes=\"(max-width: 150px) 100vw, 150px\" \/>\t\t\t\t\t\t\t\t\t\t\t\t\t\t\t<\/div>\n\t\t\t\t<\/div>\n\t\t\t\t<\/div>\n\t\t<div class=\"elementor-element elementor-element-ca7f7a3 e-con-full e-flex e-con e-child\" data-id=\"ca7f7a3\" data-element_type=\"container\">\n\t\t\t\t<div class=\"elementor-element elementor-element-fb94f23 elementor-widget__width-initial elementor-widget elementor-widget-text-editor\" data-id=\"fb94f23\" data-element_type=\"widget\" data-widget_type=\"text-editor.default\">\n\t\t\t\t<div class=\"elementor-widget-container\">\n\t\t\t\t\t\t\t\t\t<h1>Pourquoi plusieurs formats ?<\/h1><p>Parce que chaque lecteur est diff\u00e9rent.<br \/>Et parce que le message de ce livre m\u00e9rite de voyager partout, dans tous les formats, \u00e0 tous les rythmes.<\/p>\t\t\t\t\t\t\t\t<\/div>\n\t\t\t\t<\/div>\n\t\t\t\t<\/div>\n\t\t<div class=\"elementor-element elementor-element-e9495fd e-con-full e-flex e-con e-child\" data-id=\"e9495fd\" data-element_type=\"container\">\n\t\t\t\t<div class=\"elementor-element elementor-element-ca71a71 elementor-widget elementor-widget-text-editor\" data-id=\"ca71a71\" data-element_type=\"widget\" data-widget_type=\"text-editor.default\">\n\t\t\t\t<div class=\"elementor-widget-container\">\n\t\t\t\t\t\t\t\t\t<h1>Besoin d\u2019aide ?<\/h1><p>\ud83d\udce9 Une question sur l\u2019achat ?<br \/>\ud83d\udce6 Une commande particuli\u00e8re pour une \u00e9cole, une association, un groupe ?<br \/>\ud83d\udc49 Contactez-nous ici : rakotovao@by-editions.com<\/p>\t\t\t\t\t\t\t\t<\/div>\n\t\t\t\t<\/div>\n\t\t\t\t<\/div>\n\t\t\t\t\t<\/div>\n\t\t\t\t<\/div>\n\t\t\t\t<\/div>\n\t\t","protected":false},"excerpt":{"rendered":"<p>Acheter le livre\u00ab\u00a0Silence autour d&rsquo;un cri\u00a0\u00bb Le message humain, dans le format qui vous correspond. Livre papier 20,90 \u20ac \u2713 Amazon \u2192 livraison rapide \u2713 Fnac, Decitre \u2713 Commandable en boutique physique Acheter &#8211; via Amazon E-book 9,90 \u20ac \u2713 Amazon Kindle \u2713 Apple Books \u2713 Kobo (par Fnac) \u2713 Google Play Livres Bient\u00f4t disponible [&hellip;]<\/p>\n","protected":false},"author":1,"featured_media":0,"parent":0,"menu_order":0,"comment_status":"closed","ping_status":"closed","template":"","meta":{"ocean_post_layout":"full-screen","ocean_both_sidebars_style":"","ocean_both_sidebars_content_width":0,"ocean_both_sidebars_sidebars_width":0,"ocean_sidebar":"","ocean_second_sidebar":"","ocean_disable_margins":"enable","ocean_add_body_class":"","ocean_shortcode_before_top_bar":"","ocean_shortcode_after_top_bar":"","ocean_shortcode_before_header":"","ocean_shortcode_after_header":"","ocean_has_shortcode":"","ocean_shortcode_after_title":"","ocean_shortcode_before_footer_widgets":"","ocean_shortcode_after_footer_widgets":"","ocean_shortcode_before_footer_bottom":"","ocean_shortcode_after_footer_bottom":"","ocean_display_top_bar":"off","ocean_display_header":"default","ocean_header_style":"","ocean_center_header_left_menu":"","ocean_custom_header_template":"","ocean_custom_logo":0,"ocean_custom_retina_logo":0,"ocean_custom_logo_max_width":0,"ocean_custom_logo_tablet_max_width":0,"ocean_custom_logo_mobile_max_width":0,"ocean_custom_logo_max_height":0,"ocean_custom_logo_tablet_max_height":0,"ocean_custom_logo_mobile_max_height":0,"ocean_header_custom_menu":"","ocean_menu_typo_font_family":"","ocean_menu_typo_font_subset":"","ocean_menu_typo_font_size":0,"ocean_menu_typo_font_size_tablet":0,"ocean_menu_typo_font_size_mobile":0,"ocean_menu_typo_font_size_unit":"px","ocean_menu_typo_font_weight":"","ocean_menu_typo_font_weight_tablet":"","ocean_menu_typo_font_weight_mobile":"","ocean_menu_typo_transform":"","ocean_menu_typo_transform_tablet":"","ocean_menu_typo_transform_mobile":"","ocean_menu_typo_line_height":0,"ocean_menu_typo_line_height_tablet":0,"ocean_menu_typo_line_height_mobile":0,"ocean_menu_typo_line_height_unit":"","ocean_menu_typo_spacing":0,"ocean_menu_typo_spacing_tablet":0,"ocean_menu_typo_spacing_mobile":0,"ocean_menu_typo_spacing_unit":"","ocean_menu_link_color":"","ocean_menu_link_color_hover":"","ocean_menu_link_color_active":"","ocean_menu_link_background":"","ocean_menu_link_hover_background":"","ocean_menu_link_active_background":"","ocean_menu_social_links_bg":"","ocean_menu_social_hover_links_bg":"","ocean_menu_social_links_color":"","ocean_menu_social_hover_links_color":"","ocean_disable_title":"on","ocean_disable_heading":"default","ocean_post_title":"","ocean_post_subheading":"","ocean_post_title_style":"","ocean_post_title_background_color":"","ocean_post_title_background":0,"ocean_post_title_bg_image_position":"","ocean_post_title_bg_image_attachment":"","ocean_post_title_bg_image_repeat":"","ocean_post_title_bg_image_size":"","ocean_post_title_height":0,"ocean_post_title_bg_overlay":0.5,"ocean_post_title_bg_overlay_color":"","ocean_disable_breadcrumbs":"default","ocean_breadcrumbs_color":"","ocean_breadcrumbs_separator_color":"","ocean_breadcrumbs_links_color":"","ocean_breadcrumbs_links_hover_color":"","ocean_display_footer_widgets":"default","ocean_display_footer_bottom":"default","ocean_custom_footer_template":"","footnotes":""},"class_list":["post-386","page","type-page","status-publish","hentry","entry"],"_links":{"self":[{"href":"https:\/\/autisme.by-editions.com\/index.php\/wp-json\/wp\/v2\/pages\/386","targetHints":{"allow":["GET"]}}],"collection":[{"href":"https:\/\/autisme.by-editions.com\/index.php\/wp-json\/wp\/v2\/pages"}],"about":[{"href":"https:\/\/autisme.by-editions.com\/index.php\/wp-json\/wp\/v2\/types\/page"}],"author":[{"embeddable":true,"href":"https:\/\/autisme.by-editions.com\/index.php\/wp-json\/wp\/v2\/users\/1"}],"replies":[{"embeddable":true,"href":"https:\/\/autisme.by-editions.com\/index.php\/wp-json\/wp\/v2\/comments?post=386"}],"version-history":[{"count":103,"href":"https:\/\/autisme.by-editions.com\/index.php\/wp-json\/wp\/v2\/pages\/386\/revisions"}],"predecessor-version":[{"id":584,"href":"https:\/\/autisme.by-editions.com\/index.php\/wp-json\/wp\/v2\/pages\/386\/revisions\/584"}],"wp:attachment":[{"href":"https:\/\/autisme.by-editions.com\/index.php\/wp-json\/wp\/v2\/media?parent=386"}],"curies":[{"name":"wp","href":"https:\/\/api.w.org\/{rel}","templated":true}]}}